[INFO] cloning repository https://github.com/richo/threatbutt-rs
[INFO] running `Command { std: "git" "-c" "credential.helper=" "-c" "credential.helper=/workspace/cargo-home/bin/git-credential-null" "clone" "--bare" "https://github.com/richo/threatbutt-rs" "/workspace/cache/git-repos/https%3A%2F%2Fgithub.com%2Fricho%2Fthreatbutt-rs", kill_on_drop: false }`
[INFO] [stderr] Cloning into bare repository '/workspace/cache/git-repos/https%3A%2F%2Fgithub.com%2Fricho%2Fthreatbutt-rs'...
[INFO] running `Command { std: "git" "rev-parse" "HEAD", kill_on_drop: false }`
[INFO] [stdout] 31e61828d2b4224845519ca3dd78531576e721fd
[INFO] checking richo/threatbutt-rs against master#af3c6e733a40e671550e0f0f5aeecaa13772ba56 for pr-74989
[INFO] running `Command { std: "git" "clone" "/workspace/cache/git-repos/https%3A%2F%2Fgithub.com%2Fricho%2Fthreatbutt-rs" "/workspace/builds/worker-2/source", kill_on_drop: false }`
[INFO] [stderr] Cloning into '/workspace/builds/worker-2/source'...
[INFO] [stderr] done.
[INFO] validating manifest of git repo https://github.com/richo/threatbutt-rs on toolchain af3c6e733a40e671550e0f0f5aeecaa13772ba56
[INFO] running `Command { std: "/workspace/cargo-home/bin/cargo" "+af3c6e733a40e671550e0f0f5aeecaa13772ba56" "read-manifest" "--manifest-path" "Cargo.toml", kill_on_drop: false }`
[INFO] started tweaking git repo https://github.com/richo/threatbutt-rs
[INFO] finished tweaking git repo https://github.com/richo/threatbutt-rs
[INFO] tweaked toml for git repo https://github.com/richo/threatbutt-rs written to /workspace/builds/worker-2/source/Cargo.toml
[INFO] crate git repo https://github.com/richo/threatbutt-rs already has a lockfile, it will not be regenerated
[INFO] running `Command { std: "/workspace/cargo-home/bin/cargo" "+af3c6e733a40e671550e0f0f5aeecaa13772ba56" "fetch" "--locked" "--manifest-path" "Cargo.toml", kill_on_drop: false }`
[INFO] [stderr] error: the lock file /workspace/builds/worker-2/source/Cargo.lock needs to be updated but --locked was passed to prevent this
[INFO] [stderr] If you want to try to generate the lock file without accessing the network, use the --offline flag.
[INFO] the lockfile is outdated, regenerating it
[INFO] running `Command { std: "/workspace/cargo-home/bin/cargo" "+af3c6e733a40e671550e0f0f5aeecaa13772ba56" "generate-lockfile" "--manifest-path" "Cargo.toml" "-Zno-index-update", kill_on_drop: false }`
[INFO] [stderr]     Blocking waiting for file lock on package cache
[INFO] running `Command { std: "/workspace/cargo-home/bin/cargo" "+af3c6e733a40e671550e0f0f5aeecaa13772ba56" "fetch" "--locked" "--manifest-path" "Cargo.toml", kill_on_drop: false }`
[INFO] running `Command { std: "docker" "create" "-v" "/var/lib/crater-agent-workspace/builds/worker-2/target:/opt/rustwide/target:rw,Z" "-v" "/var/lib/crater-agent-workspace/builds/worker-2/source:/opt/rustwide/workdir:ro,Z" "-v" "/var/lib/crater-agent-workspace/cargo-home:/opt/rustwide/cargo-home:ro,Z" "-v" "/var/lib/crater-agent-workspace/rustup-home:/opt/rustwide/rustup-home:ro,Z" "-e" "SOURCE_DIR=/opt/rustwide/workdir" "-e" "CARGO_TARGET_DIR=/opt/rustwide/target" "-e" "CARGO_HOME=/opt/rustwide/cargo-home" "-e" "RUSTUP_HOME=/opt/rustwide/rustup-home" "-w" "/opt/rustwide/workdir" "-m" "1610612736" "--user" "0:0" "--network" "none" "rustops/crates-build-env@sha256:d92eaeed33fa75130ca1ee6c8a01d1ffb62bac859dfdfb3450e3e5d1c0146529" "/opt/rustwide/cargo-home/bin/cargo" "+af3c6e733a40e671550e0f0f5aeecaa13772ba56" "metadata" "--no-deps" "--format-version=1", kill_on_drop: false }`
[INFO] [stdout] a074f3dd9b962a1c5568802bfa17b644581eea0dbd745ae6fa44df728354d32d
[INFO] [stderr] WARNING: Your kernel does not support swap limit capabilities or the cgroup is not mounted. Memory limited without swap.
[INFO] running `Command { std: "docker" "start" "-a" "a074f3dd9b962a1c5568802bfa17b644581eea0dbd745ae6fa44df728354d32d", kill_on_drop: false }`
[INFO] running `Command { std: "docker" "inspect" "a074f3dd9b962a1c5568802bfa17b644581eea0dbd745ae6fa44df728354d32d", kill_on_drop: false }`
[INFO] running `Command { std: "docker" "rm" "-f" "a074f3dd9b962a1c5568802bfa17b644581eea0dbd745ae6fa44df728354d32d", kill_on_drop: false }`
[INFO] [stdout] a074f3dd9b962a1c5568802bfa17b644581eea0dbd745ae6fa44df728354d32d
[INFO] running `Command { std: "docker" "create" "-v" "/var/lib/crater-agent-workspace/builds/worker-2/target:/opt/rustwide/target:rw,Z" "-v" "/var/lib/crater-agent-workspace/builds/worker-2/source:/opt/rustwide/workdir:ro,Z" "-v" "/var/lib/crater-agent-workspace/cargo-home:/opt/rustwide/cargo-home:ro,Z" "-v" "/var/lib/crater-agent-workspace/rustup-home:/opt/rustwide/rustup-home:ro,Z" "-e" "SOURCE_DIR=/opt/rustwide/workdir" "-e" "CARGO_TARGET_DIR=/opt/rustwide/target" "-e" "CARGO_INCREMENTAL=0" "-e" "RUST_BACKTRACE=full" "-e" "RUSTFLAGS=--cap-lints=forbid" "-e" "CARGO_HOME=/opt/rustwide/cargo-home" "-e" "RUSTUP_HOME=/opt/rustwide/rustup-home" "-w" "/opt/rustwide/workdir" "-m" "1610612736" "--user" "0:0" "--network" "none" "rustops/crates-build-env@sha256:d92eaeed33fa75130ca1ee6c8a01d1ffb62bac859dfdfb3450e3e5d1c0146529" "/opt/rustwide/cargo-home/bin/cargo" "+af3c6e733a40e671550e0f0f5aeecaa13772ba56" "check" "--frozen" "--all" "--all-targets" "--message-format=json", kill_on_drop: false }`
[INFO] [stdout] 2a42b508c09ac1e29a87124330004e2908bc6d528ea15f016c8a92fcadec139e
[INFO] [stderr] WARNING: Your kernel does not support swap limit capabilities or the cgroup is not mounted. Memory limited without swap.
[INFO] running `Command { std: "docker" "start" "-a" "2a42b508c09ac1e29a87124330004e2908bc6d528ea15f016c8a92fcadec139e", kill_on_drop: false }`
[INFO] [stderr]    Compiling version_check v0.9.2
[INFO] [stderr]    Compiling proc-macro2 v1.0.21
[INFO] [stderr]    Compiling unicode-xid v0.2.1
[INFO] [stderr]    Compiling syn v1.0.41
[INFO] [stderr]    Compiling autocfg v1.0.1
[INFO] [stderr]    Compiling pkg-config v0.3.18
[INFO] [stderr]    Compiling cc v1.0.59
[INFO] [stderr]    Compiling const_fn v0.4.2
[INFO] [stderr]    Compiling proc-macro-hack v0.5.18
[INFO] [stderr]     Checking matches v0.1.8
[INFO] [stderr]    Compiling bitflags v1.2.1
[INFO] [stderr]     Checking tinyvec v0.3.4
[INFO] [stderr]    Compiling log v0.4.11
[INFO] [stderr]     Checking foreign-types-shared v0.1.1
[INFO] [stderr]    Compiling httparse v1.3.4
[INFO] [stderr]     Checking cfg-if v0.1.10
[INFO] [stderr]    Compiling openssl v0.10.30
[INFO] [stderr]     Checking lazy_static v1.4.0
[INFO] [stderr]     Checking percent-encoding v2.1.0
[INFO] [stderr]     Checking traitobject v0.1.0
[INFO] [stderr]     Checking rustc-serialize v0.3.24
[INFO] [stderr]     Checking typeable v0.1.2
[INFO] [stderr]     Checking mime v0.3.16
[INFO] [stderr]     Checking unicode-bidi v0.3.4
[INFO] [stderr]     Checking foreign-types v0.3.2
[INFO] [stderr]     Checking unicode-normalization v0.1.13
[INFO] [stderr]     Checking num_cpus v1.13.0
[INFO] [stderr]    Compiling standback v0.2.10
[INFO] [stderr]    Compiling time v0.2.19
[INFO] [stderr]    Compiling unicase v2.6.0
[INFO] [stderr]    Compiling cookie v0.14.2
[INFO] [stderr]    Compiling openssl-sys v0.9.58
[INFO] [stderr]    Compiling quote v1.0.7
[INFO] [stderr]     Checking idna v0.2.0
[INFO] [stderr]     Checking url v2.1.1
[INFO] [stderr]    Compiling time-macros-impl v0.1.1
[INFO] [stderr]     Checking time-macros v0.1.0
[INFO] [stderr]     Checking hyper v0.3.16
[INFO] [stdout] error[E0432]: unresolved import `url::UrlParser`
[INFO] [stdout]   --> /opt/rustwide/cargo-home/registry/src/github.com-1ecc6299db9ec823/hyper-0.3.16/src/client/mod.rs:38:5
[INFO] [stdout]    |
[INFO] [stdout] 38 | use url::UrlParser;
[INFO] [stdout]    |     ^^^^^---------
[INFO] [stdout]    |     |    |
[INFO] [stdout]    |     |    help: a similar name exists in the module: `Parser`
[INFO] [stdout]    |     no `UrlParser` in the root
[INFO] [stdout] 
[INFO] [stdout] 
[INFO] [stdout] error[E0432]: unresolved import `openssl::ssl::SSL_VERIFY_NONE`
[INFO] [stdout]   --> /opt/rustwide/cargo-home/registry/src/github.com-1ecc6299db9ec823/hyper-0.3.16/src/net.rs:10:48
[INFO] [stdout]    |
[INFO] [stdout] 10 | use openssl::ssl::{Ssl, SslStream, SslContext, SSL_VERIFY_NONE};
[INFO] [stdout]    |                                                ^^^^^^^^^^^^^^^ no `SSL_VERIFY_NONE` in `ssl`
[INFO] [stdout] 
[INFO] [stdout] 
[INFO] [stdout] error[E0432]: unresolved import `openssl::ssl::SslMethod`
[INFO] [stdout]   --> /opt/rustwide/cargo-home/registry/src/github.com-1ecc6299db9ec823/hyper-0.3.16/src/net.rs:11:19
[INFO] [stdout]    |
[INFO] [stdout] 11 | use openssl::ssl::SslMethod::Sslv23;
[INFO] [stdout]    |                   ^^^^^^^^^ `SslMethod` is a struct, not a module
[INFO] [stdout] 
[INFO] [stdout] 
[INFO] [stdout] error[E0432]: unresolved imports `openssl::ssl::error::SslError`, `openssl::ssl::error::StreamError`, `openssl::ssl::error::OpenSslErrors`, `openssl::ssl::error::SslSessionClosed`
[INFO] [stdout]   --> /opt/rustwide/cargo-home/registry/src/github.com-1ecc6299db9ec823/hyper-0.3.16/src/net.rs:12:27
[INFO] [stdout]    |
[INFO] [stdout] 12 | use openssl::ssl::error::{SslError, StreamError, OpenSslErrors, SslSessionClosed};
[INFO] [stdout]    |                           ^^^^^^^^  ^^^^^^^^^^^  ^^^^^^^^^^^^^  ^^^^^^^^^^^^^^^^ no `SslSessionClosed` in `ssl::error`
[INFO] [stdout]    |                           |         |            |
[INFO] [stdout]    |                           |         |            no `OpenSslErrors` in `ssl::error`
[INFO] [stdout]    |                           |         no `StreamError` in `ssl::error`
[INFO] [stdout]    |                           no `SslError` in `ssl::error`
[INFO] [stdout]    |                           help: a similar name exists in the module: `StdError`
[INFO] [stdout] 
[INFO] [stdout] 
[INFO] [stdout] error[E0432]: unresolved import `openssl::x509::X509FileType`
[INFO] [stdout]   --> /opt/rustwide/cargo-home/registry/src/github.com-1ecc6299db9ec823/hyper-0.3.16/src/net.rs:13:5
[INFO] [stdout]    |
[INFO] [stdout] 13 | use openssl::x509::X509FileType;
[INFO] [stdout]    |     ^^^^^^^^^^^^^^^^^^^^^^^^^^^ no `X509FileType` in `x509`
[INFO] [stdout] 
[INFO] [stdout] 
[INFO] [stdout] error[E0432]: unresolved import `time::now_utc`
[INFO] [stdout]  --> /opt/rustwide/cargo-home/registry/src/github.com-1ecc6299db9ec823/hyper-0.3.16/src/server/response.rs:8:5
[INFO] [stdout]   |
[INFO] [stdout] 8 | use time::now_utc;
[INFO] [stdout]   |     ^^^^^^^^^^^^^ no `now_utc` in the root
[INFO] [stdout] 
[INFO] [stdout] 
[INFO] [stdout] error[E0423]: expected function, tuple struct or tuple variant, found struct `UniCase`
[INFO] [stdout]   --> /opt/rustwide/cargo-home/registry/src/github.com-1ecc6299db9ec823/hyper-0.3.16/src/header/common/connection.rs:39:38
[INFO] [stdout]    |
[INFO] [stdout] 39 |             s => Ok(ConnectionHeader(UniCase(s.to_string())))
[INFO] [stdout]    |                                      ^^^^^^^ constructor is not visible here due to private fields
[INFO] [stdout] 
[INFO] [stdout] 
[INFO] [stdout] error[E0532]: expected tuple struct or tuple variant, found struct `UniCase`
[INFO] [stdout]   --> /opt/rustwide/cargo-home/registry/src/github.com-1ecc6299db9ec823/hyper-0.3.16/src/header/common/connection.rs:49:30
[INFO] [stdout]    |
[INFO] [stdout] 49 |             ConnectionHeader(UniCase(ref s)) => s.as_ref()
[INFO] [stdout]    |                              ^^^^^^^ constructor is not visible here due to private fields
[INFO] [stdout] 
[INFO] [stdout] 
[INFO] [stdout] error[E0423]: expected function, tuple struct or tuple variant, found struct `UniCase`
[INFO] [stdout]   --> /opt/rustwide/cargo-home/registry/src/github.com-1ecc6299db9ec823/hyper-0.3.16/src/header/common/expect.rs:22:48
[INFO] [stdout]    |
[INFO] [stdout] 22 | const EXPECT_CONTINUE: UniCase<&'static str> = UniCase("100-continue");
[INFO] [stdout]    |                                                ^^^^^^^ constructor is not visible here due to private fields
[INFO] [stdout] 
[INFO] [stdout] 
[INFO] [stdout] error[E0423]: expected function, tuple struct or tuple variant, found struct `UniCase`
[INFO] [stdout]   --> /opt/rustwide/cargo-home/registry/src/github.com-1ecc6299db9ec823/hyper-0.3.16/src/header/common/expect.rs:40:16
[INFO] [stdout]    |
[INFO] [stdout] 40 |             if UniCase(text) == EXPECT_CONTINUE {
[INFO] [stdout]    |                ^^^^^^^ constructor is not visible here due to private fields
[INFO] [stdout] 
[INFO] [stdout] 
[INFO] [stdout] error[E0423]: expected function, tuple struct or tuple variant, found struct `UniCase`
[INFO] [stdout]   --> /opt/rustwide/cargo-home/registry/src/github.com-1ecc6299db9ec823/hyper-0.3.16/src/header/common/upgrade.rs:59:12
[INFO] [stdout]    |
[INFO] [stdout] 59 |         if UniCase(s) == UniCase("websocket") {
[INFO] [stdout]    |            ^^^^^^^ constructor is not visible here due to private fields
[INFO] [stdout] 
[INFO] [stdout] 
[INFO] [stdout] error[E0423]: expected function, tuple struct or tuple variant, found struct `UniCase`
[INFO] [stdout]   --> /opt/rustwide/cargo-home/registry/src/github.com-1ecc6299db9ec823/hyper-0.3.16/src/header/common/upgrade.rs:59:26
[INFO] [stdout]    |
[INFO] [stdout] 59 |         if UniCase(s) == UniCase("websocket") {
[INFO] [stdout]    |                          ^^^^^^^ constructor is not visible here due to private fields
[INFO] [stdout] 
[INFO] [stdout] 
[INFO] [stdout] error[E0412]: cannot find type `Tm` in crate `time`
[INFO] [stdout]   --> /opt/rustwide/cargo-home/registry/src/github.com-1ecc6299db9ec823/hyper-0.3.16/src/header/shared/httpdate.rs:31:31
[INFO] [stdout]    |
[INFO] [stdout] 31 | pub struct HttpDate(pub time::Tm);
[INFO] [stdout]    |                               ^^ not found in `time`
[INFO] [stdout] 
[INFO] [stdout] 
[INFO] [stdout] error[E0425]: cannot find function `strptime` in crate `time`
[INFO] [stdout]   --> /opt/rustwide/cargo-home/registry/src/github.com-1ecc6299db9ec823/hyper-0.3.16/src/header/shared/httpdate.rs:36:21
[INFO] [stdout]    |
[INFO] [stdout] 36 |         match time::strptime(s, "%a, %d %b %Y %T %Z").or_else(|_| {
[INFO] [stdout]    |                     ^^^^^^^^ not found in `time`
[INFO] [stdout] 
[INFO] [stdout] 
[INFO] [stdout] error[E0425]: cannot find function `strptime` in crate `time`
[INFO] [stdout]   --> /opt/rustwide/cargo-home/registry/src/github.com-1ecc6299db9ec823/hyper-0.3.16/src/header/shared/httpdate.rs:37:19
[INFO] [stdout]    |
[INFO] [stdout] 37 |             time::strptime(s, "%A, %d-%b-%y %T %Z")
[INFO] [stdout]    |                   ^^^^^^^^ not found in `time`
[INFO] [stdout] 
[INFO] [stdout] 
[INFO] [stdout] error[E0425]: cannot find function `strptime` in crate `time`
[INFO] [stdout]   --> /opt/rustwide/cargo-home/registry/src/github.com-1ecc6299db9ec823/hyper-0.3.16/src/header/shared/httpdate.rs:39:23
[INFO] [stdout]    |
[INFO] [stdout] 39 |                 time::strptime(s, "%c")
[INFO] [stdout]    |                       ^^^^^^^^ not found in `time`
[INFO] [stdout] 
[INFO] [stdout] 
[INFO] [stdout] error[E0423]: expected function, tuple struct or tuple variant, found struct `UniCase`
[INFO] [stdout]    --> /opt/rustwide/cargo-home/registry/src/github.com-1ecc6299db9ec823/hyper-0.3.16/src/header/mod.rs:121:24
[INFO] [stdout]     |
[INFO] [stdout] 121 |             let name = UniCase(CowStr(Cow::Owned(header.name.to_owned())));
[INFO] [stdout]     |                        ^^^^^^^ constructor is not visible here due to private fields
[INFO] [stdout] 
[INFO] [stdout] 
[INFO] [stdout] error[E0423]: expected function, tuple struct or tuple variant, found struct `UniCase`
[INFO] [stdout]    --> /opt/rustwide/cargo-home/registry/src/github.com-1ecc6299db9ec823/hyper-0.3.16/src/header/mod.rs:137:26
[INFO] [stdout]     |
[INFO] [stdout] 137 |         self.data.insert(UniCase(CowStr(Cow::Borrowed(header_name::<H>()))),
[INFO] [stdout]     |                          ^^^^^^^ constructor is not visible here due to private fields
[INFO] [stdout] 
[INFO] [stdout] 
[INFO] [stdout] error[E0423]: expected function, tuple struct or tuple variant, found struct `UniCase`
[INFO] [stdout]    --> /opt/rustwide/cargo-home/registry/src/github.com-1ecc6299db9ec823/hyper-0.3.16/src/header/mod.rs:154:19
[INFO] [stdout]     |
[INFO] [stdout] 154 |             .get(&UniCase(CowStr(Cow::Borrowed(unsafe { mem::transmute::<&str, &str>(name) }))))
[INFO] [stdout]     |                   ^^^^^^^ constructor is not visible here due to private fields
[INFO] [stdout] 
[INFO] [stdout] 
[INFO] [stdout] error[E0423]: expected function, tuple struct or tuple variant, found struct `UniCase`
[INFO] [stdout]    --> /opt/rustwide/cargo-home/registry/src/github.com-1ecc6299db9ec823/hyper-0.3.16/src/header/mod.rs:168:26
[INFO] [stdout]     |
[INFO] [stdout] 168 |         self.data.insert(UniCase(CowStr(name.into())), Item::new_raw(value));
[INFO] [stdout]     |                          ^^^^^^^ constructor is not visible here due to private fields
[INFO] [stdout] 
[INFO] [stdout] 
[INFO] [stdout] error[E0423]: expected function, tuple struct or tuple variant, found struct `UniCase`
[INFO] [stdout]    --> /opt/rustwide/cargo-home/registry/src/github.com-1ecc6299db9ec823/hyper-0.3.16/src/header/mod.rs:174:14
[INFO] [stdout]     |
[INFO] [stdout] 174 |             &UniCase(CowStr(Cow::Borrowed(unsafe { mem::transmute::<&str, &str>(name) })))
[INFO] [stdout]     |              ^^^^^^^ constructor is not visible here due to private fields
[INFO] [stdout] 
[INFO] [stdout] 
[INFO] [stdout] error[E0423]: expected function, tuple struct or tuple variant, found struct `UniCase`
[INFO] [stdout]    --> /opt/rustwide/cargo-home/registry/src/github.com-1ecc6299db9ec823/hyper-0.3.16/src/header/mod.rs:180:24
[INFO] [stdout]     |
[INFO] [stdout] 180 |         self.data.get(&UniCase(CowStr(Cow::Borrowed(header_name::<H>())))).and_then(Item::typed::<H>)
[INFO] [stdout]     |                        ^^^^^^^ constructor is not visible here due to private fields
[INFO] [stdout] 
[INFO] [stdout] 
[INFO] [stdout] error[E0423]: expected function, tuple struct or tuple variant, found struct `UniCase`
[INFO] [stdout]    --> /opt/rustwide/cargo-home/registry/src/github.com-1ecc6299db9ec823/hyper-0.3.16/src/header/mod.rs:185:28
[INFO] [stdout]     |
[INFO] [stdout] 185 |         self.data.get_mut(&UniCase(CowStr(Cow::Borrowed(header_name::<H>())))).and_then(Item::typed_mut::<H>)
[INFO] [stdout]     |                            ^^^^^^^ constructor is not visible here due to private fields
[INFO] [stdout] 
[INFO] [stdout] 
[INFO] [stdout] error[E0423]: expected function, tuple struct or tuple variant, found struct `UniCase`
[INFO] [stdout]    --> /opt/rustwide/cargo-home/registry/src/github.com-1ecc6299db9ec823/hyper-0.3.16/src/header/mod.rs:199:33
[INFO] [stdout]     |
[INFO] [stdout] 199 |         self.data.contains_key(&UniCase(CowStr(Cow::Borrowed(header_name::<H>()))))
[INFO] [stdout]     |                                 ^^^^^^^ constructor is not visible here due to private fields
[INFO] [stdout] 
[INFO] [stdout] 
[INFO] [stdout] error[E0423]: expected function, tuple struct or tuple variant, found struct `UniCase`
[INFO] [stdout]    --> /opt/rustwide/cargo-home/registry/src/github.com-1ecc6299db9ec823/hyper-0.3.16/src/header/mod.rs:205:27
[INFO] [stdout]     |
[INFO] [stdout] 205 |         self.data.remove(&UniCase(CowStr(Cow::Borrowed(header_name::<H>())))).is_some()
[INFO] [stdout]     |                           ^^^^^^^ constructor is not visible here due to private fields
[INFO] [stdout] 
[INFO] [stdout] 
[INFO] [stdout] error[E0423]: expected function, tuple struct or tuple variant, found struct `UniCase`
[INFO] [stdout]    --> /opt/rustwide/cargo-home/registry/src/github.com-1ecc6299db9ec823/hyper-0.3.16/src/header/mod.rs:269:9
[INFO] [stdout]     |
[INFO] [stdout] 269 |         UniCase(CowStr(Cow::Borrowed(header_name::<H>()))) == *self.0
[INFO] [stdout]     |         ^^^^^^^ constructor is not visible here due to private fields
[INFO] [stdout] 
[INFO] [stdout] 
[INFO] [stdout] error[E0603]: module `error` is private
[INFO] [stdout]    --> /opt/rustwide/cargo-home/registry/src/github.com-1ecc6299db9ec823/hyper-0.3.16/src/net.rs:12:19
[INFO] [stdout]     |
[INFO] [stdout] 12  | use openssl::ssl::error::{SslError, StreamError, OpenSslErrors, SslSessionClosed};
[INFO] [stdout]     |                   ^^^^^ private module
[INFO] [stdout]     |
[INFO] [stdout] note: the module `error` is defined here
[INFO] [stdout]    --> /opt/rustwide/cargo-home/registry/src/github.com-1ecc6299db9ec823/openssl-0.10.30/src/ssl/mod.rs:110:1
[INFO] [stdout]     |
[INFO] [stdout] 110 | mod error;
[INFO] [stdout]     | ^^^^^^^^^^
[INFO] [stdout] 
[INFO] [stdout] 
[INFO] [stdout] error[E0106]: missing lifetime specifier
[INFO] [stdout]   --> /opt/rustwide/cargo-home/registry/src/github.com-1ecc6299db9ec823/hyper-0.3.16/src/header/common/cookie.rs:17:27
[INFO] [stdout]    |
[INFO] [stdout] 17 | pub struct Cookie(pub Vec<CookiePair>);
[INFO] [stdout]    |                           ^^^^^^^^^^ expected named lifetime parameter
[INFO] [stdout]    |
[INFO] [stdout] help: consider introducing a named lifetime parameter
[INFO] [stdout]    |
[INFO] [stdout] 17 | pub struct Cookie<'a>(pub Vec<CookiePair<'a>>);
[INFO] [stdout]    |                  ^^^^         ^^^^^^^^^^^^^^
[INFO] [stdout] 
[INFO] [stdout] 
[INFO] [stdout] error[E0106]: missing lifetime specifier
[INFO] [stdout]   --> /opt/rustwide/cargo-home/registry/src/github.com-1ecc6299db9ec823/hyper-0.3.16/src/header/common/cookie.rs:19:22
[INFO] [stdout]    |
[INFO] [stdout] 19 | deref!(Cookie => Vec<CookiePair>);
[INFO] [stdout]    |                      ^^^^^^^^^^ expected named lifetime parameter
[INFO] [stdout]    |
[INFO] [stdout] 
[INFO] [stdout] 
[INFO] [stdout] error[E0106]: missing lifetime specifier
[INFO] [stdout]   --> /opt/rustwide/cargo-home/registry/src/github.com-1ecc6299db9ec823/hyper-0.3.16/src/header/common/set_cookie.rs:14:30
[INFO] [stdout]    |
[INFO] [stdout] 14 | pub struct SetCookie(pub Vec<Cookie>);
[INFO] [stdout]    |                              ^^^^^^ expected named lifetime parameter
[INFO] [stdout]    |
[INFO] [stdout] help: consider introducing a named lifetime parameter
[INFO] [stdout]    |
[INFO] [stdout] 14 | pub struct SetCookie<'a>(pub Vec<Cookie<'a>>);
[INFO] [stdout]    |                     ^^^^         ^^^^^^^^^^
[INFO] [stdout] 
[INFO] [stdout] 
[INFO] [stdout] error[E0106]: missing lifetime specifier
[INFO] [stdout]   --> /opt/rustwide/cargo-home/registry/src/github.com-1ecc6299db9ec823/hyper-0.3.16/src/header/common/set_cookie.rs:16:25
[INFO] [stdout]    |
[INFO] [stdout] 16 | deref!(SetCookie => Vec<Cookie>);
[INFO] [stdout]    |                         ^^^^^^ expected named lifetime parameter
[INFO] [stdout]    |
[INFO] [stdout] 
[INFO] [stdout] 
[INFO] [stdout] error[E0107]: wrong number of lifetime arguments: expected 0, found 1
[INFO] [stdout]   --> /opt/rustwide/cargo-home/registry/src/github.com-1ecc6299db9ec823/hyper-0.3.16/src/header/common/cookie.rs:66:58
[INFO] [stdout]    |
[INFO] [stdout] 66 |     pub fn to_cookie_jar(&self, key: &[u8]) -> CookieJar<'static> {
[INFO] [stdout]    |                                                          ^^^^^^^ unexpected lifetime argument
[INFO] [stdout] 
[INFO] [stdout] 
[INFO] [stdout] error: aborting due to 32 previous errors
[INFO] [stdout] 
[INFO] [stdout] 
[INFO] [stdout] Some errors have detailed explanations: E0106, E0107, E0412, E0423, E0425, E0432, E0532, E0603.
[INFO] [stdout] 
[INFO] [stdout] For more information about an error, try `rustc --explain E0106`.
[INFO] [stdout] 
[INFO] [stderr] error: could not compile `hyper`.
[INFO] [stderr] 
[INFO] [stderr] To learn more, run the command again with --verbose.
[INFO] running `Command { std: "docker" "inspect" "2a42b508c09ac1e29a87124330004e2908bc6d528ea15f016c8a92fcadec139e", kill_on_drop: false }`
[INFO] running `Command { std: "docker" "rm" "-f" "2a42b508c09ac1e29a87124330004e2908bc6d528ea15f016c8a92fcadec139e", kill_on_drop: false }`
[INFO] [stdout] 2a42b508c09ac1e29a87124330004e2908bc6d528ea15f016c8a92fcadec139e
